{"id":237,"date":"2025-07-28T14:14:20","date_gmt":"2025-07-28T20:14:20","guid":{"rendered":"https:\/\/mipucco.com\/?post_type=product&#038;p=237"},"modified":"2025-07-28T14:20:04","modified_gmt":"2025-07-28T20:20:04","slug":"bowl-plegable-para-mascotas-color-azul","status":"publish","type":"product","link":"https:\/\/mipucco.com\/?product=bowl-plegable-para-mascotas-color-azul","title":{"rendered":"Bowl plegable para mascotas Color Azul"},"content":{"rendered":"<blockquote><p>Port\u00e1til y pr\u00e1ctico: Los tazones plegables para perros y mascotas son geniales para viajar, ligeros y f\u00e1ciles de transportar con mosquet\u00f3n. Se puede fijar a la trabilla del cintur\u00f3n, mochila, correa u otros lugares. Adecuado para actividades al aire libre. Tambi\u00e9n se puede utilizar como taz\u00f3n de comida para perros o gatos.<\/p><\/blockquote>\n","protected":false},"excerpt":{"rendered":"<blockquote>\n<h3><strong>Cuenco plegable port\u00e1til para mascotas, cuenco colgante de gel de s\u00edlice para perros y gatos, cuenco de agua para mascotas. Taz\u00f3n plegable port\u00e1til para perros, gatos y mascotas.<\/strong><\/h3>\n<\/blockquote>\n","protected":false},"featured_media":238,"template":"","meta":{"_et_pb_use_builder":"","_et_pb_old_content":"","_et_gb_content_width":""},"product_brand":[],"product_cat":[45],"product_tag":[],"class_list":{"0":"post-237","1":"product","2":"type-product","3":"status-publish","4":"has-post-thumbnail","6":"product_cat-accesorio-alimento","8":"first","9":"instock","10":"sold-individually","11":"shipping-taxable","12":"purchasable","13":"product-type-simple"},"_links":{"self":[{"href":"https:\/\/mipucco.com\/index.php?rest_route=\/wp\/v2\/product\/237","targetHints":{"allow":["GET"]}}],"collection":[{"href":"https:\/\/mipucco.com\/index.php?rest_route=\/wp\/v2\/product"}],"about":[{"href":"https:\/\/mipucco.com\/index.php?rest_route=\/wp\/v2\/types\/product"}],"wp:featuredmedia":[{"embeddable":true,"href":"https:\/\/mipucco.com\/index.php?rest_route=\/wp\/v2\/media\/238"}],"wp:attachment":[{"href":"https:\/\/mipucco.com\/index.php?rest_route=%2Fwp%2Fv2%2Fmedia&parent=237"}],"wp:term":[{"taxonomy":"product_brand","embeddable":true,"href":"https:\/\/mipucco.com\/index.php?rest_route=%2Fwp%2Fv2%2Fproduct_brand&post=237"},{"taxonomy":"product_cat","embeddable":true,"href":"https:\/\/mipucco.com\/index.php?rest_route=%2Fwp%2Fv2%2Fproduct_cat&post=237"},{"taxonomy":"product_tag","embeddable":true,"href":"https:\/\/mipucco.com\/index.php?rest_route=%2Fwp%2Fv2%2Fproduct_tag&post=237"}],"curies":[{"name":"wp","href":"https:\/\/api.w.org\/{rel}","templated":true}]}}