{"id":275,"date":"2025-08-09T16:40:46","date_gmt":"2025-08-09T22:40:46","guid":{"rendered":"https:\/\/mipucco.com\/?post_type=product&#038;p=275"},"modified":"2025-08-09T17:13:00","modified_gmt":"2025-08-09T23:13:00","slug":"sueter-calido-para-mascotas-talla-s","status":"publish","type":"product","link":"https:\/\/mipucco.com\/?product=sueter-calido-para-mascotas-talla-s","title":{"rendered":"Su\u00e9ter C\u00e1lido para mascotas &#8211; Talla S"},"content":{"rendered":"<blockquote><p><strong>Su\u00e9ter de moda para perros, ropa c\u00e1lida de invierno para perros peque\u00f1os. Estilo universitario<\/strong><\/p><\/blockquote>\n","protected":false},"excerpt":{"rendered":"<blockquote><p><strong>Talla: <\/strong>S<\/p>\n<p><strong>Color: <\/strong>Rojo vino<\/p>\n<p><strong>Di\u00e1metro Cuello:<\/strong> 24cm,<br \/>\n<strong>Di\u00e1metro Pecho:<\/strong> 30cm,<br \/>\n<strong>Largo Espalda:<\/strong> 22cm<\/p><\/blockquote>\n","protected":false},"featured_media":276,"template":"","meta":{"_et_pb_use_builder":"","_et_pb_old_content":"","_et_gb_content_width":""},"product_brand":[],"product_cat":[44,46],"product_tag":[51,50,49],"class_list":{"0":"post-275","1":"product","2":"type-product","3":"status-publish","4":"has-post-thumbnail","6":"product_cat-fiesta-y-accesorios","7":"product_cat-ropa-accesorios","8":"product_tag-razas-pequenas","9":"product_tag-ropa-calida-de-invierno","10":"product_tag-sueter-calido","12":"first","13":"instock","14":"sold-individually","15":"shipping-taxable","16":"purchasable","17":"product-type-simple"},"_links":{"self":[{"href":"https:\/\/mipucco.com\/index.php?rest_route=\/wp\/v2\/product\/275","targetHints":{"allow":["GET"]}}],"collection":[{"href":"https:\/\/mipucco.com\/index.php?rest_route=\/wp\/v2\/product"}],"about":[{"href":"https:\/\/mipucco.com\/index.php?rest_route=\/wp\/v2\/types\/product"}],"wp:featuredmedia":[{"embeddable":true,"href":"https:\/\/mipucco.com\/index.php?rest_route=\/wp\/v2\/media\/276"}],"wp:attachment":[{"href":"https:\/\/mipucco.com\/index.php?rest_route=%2Fwp%2Fv2%2Fmedia&parent=275"}],"wp:term":[{"taxonomy":"product_brand","embeddable":true,"href":"https:\/\/mipucco.com\/index.php?rest_route=%2Fwp%2Fv2%2Fproduct_brand&post=275"},{"taxonomy":"product_cat","embeddable":true,"href":"https:\/\/mipucco.com\/index.php?rest_route=%2Fwp%2Fv2%2Fproduct_cat&post=275"},{"taxonomy":"product_tag","embeddable":true,"href":"https:\/\/mipucco.com\/index.php?rest_route=%2Fwp%2Fv2%2Fproduct_tag&post=275"}],"curies":[{"name":"wp","href":"https:\/\/api.w.org\/{rel}","templated":true}]}}